

{"id":38,"date":"2024-10-06T21:42:46","date_gmt":"2024-10-06T19:42:46","guid":{"rendered":"https:\/\/szephalom.plebania.hu\/?page_id=38"},"modified":"2025-08-31T07:56:03","modified_gmt":"2025-08-31T05:56:03","slug":"hittanorak-rendje","status":"publish","type":"page","link":"https:\/\/szephalom.plebania.hu\/index.php\/hittanorak-rendje\/","title":{"rendered":"Hittan\u00f3r\u00e1k rendje, 2025-26."},"content":{"rendered":"\n<p>\u00d3vod\u00e1sok: kedd 17-17:30 &#8211; Bert\u00f3ti-Dohovics R\u00e9ka M\u00e1ria<\/p>\n\n\n\n<p>1-2. oszt\u00e1lyosok: kedd 17.30-18 \u00f3ra &#8211; Bert\u00f3ti-Dohovics R\u00e9ka M\u00e1ria<\/p>\n\n\n\n<p>Els\u0151\u00e1ldoz\u00e1sra k\u00e9sz\u00fcl\u0151k: kedd 16:30-17:30 &#8211; Iulian atya<\/p>\n\n\n\n<p>Katekumenek: kedd 19 \u00f3ra &#8211; Iulian atya (olyan 18 \u00e9v felettiek sz\u00e1m\u00e1ra, akik nem r\u00e9szes\u00fcltek m\u00e9g a beavat\u00f3 szents\u00e9gekben)<\/p>\n\n\n\n<p>4-6. oszt\u00e1lyosok (m\u00e1r voltak els\u0151\u00e1ldoz\u00f3k): szerda 16:30-17:30 Iulian atya<\/p>\n\n\n\n<p>7-8. oszt\u00e1lyosok: szerda 17:30-18:30 &#8211; Iulian atya<\/p>\n\n\n\n<p>B\u00e9rm\u00e1l\u00e1sra k\u00e9sz\u00fcl\u0151k (gimis, egyetemista): szerda 19 \u00f3ra &#8211; Iulian atya<\/p>\n\n\n\n<p>Ifj\u00fas\u00e1gi (m\u00e1r b\u00e9rm\u00e1lkoztak): cs\u00fct\u00f6rt\u00f6k 19 \u00f3ra \u2013 Iulian atya<\/p>\n\n\n\n<p>Feln\u0151ttek: p\u00e9ntek 19 \u00f3ra \u2013 Iulian atya<\/p>\n\n\n\n<hr class=\"wp-block-separator has-alpha-channel-opacity\"\/>\n\n\n\n<p>A hittan\u00f3r\u00e1k 09.15-t\u0151l kezd\u0151dnek, helysz\u00edn a sz\u00e9phalmi hittanterem.<\/p>\n\n\n\n<p>Iskolai hitoktat\u00e1s: a Klebelsberg K. iskol\u00e1ban Ewa n\u0151v\u00e9r tart hittant.<\/p>\n\n\n\n<p>Az \u00f3vod\u00e1kban k\u00fcl\u00f6n nem lesz hitoktat\u00e1s.<\/p>\n\n\n\n<p>Mi NEM sz\u00e1m\u00edt hitoktat\u00e1snak: a regnumi \u00e9s a cserk\u00e9szfoglalkoz\u00e1sok, az orat\u00f3rium \u00e9s a bibliaismeret \u00f3r\u00e1k.<\/p>\n","protected":false},"excerpt":{"rendered":"<p>\u00d3vod\u00e1sok: kedd 17-17:30 &#8211; Bert\u00f3ti-Dohovics R\u00e9ka M\u00e1ria 1-2. oszt\u00e1lyosok: kedd 17.30-18 \u00f3ra &#8211; Bert\u00f3ti-Dohovics R\u00e9ka M\u00e1ria Els\u0151\u00e1ldoz\u00e1sra k\u00e9sz\u00fcl\u0151k: kedd 16:30-17:30 [&hellip;]<\/p>\n","protected":false},"author":1,"featured_media":0,"parent":0,"menu_order":0,"comment_status":"closed","ping_status":"closed","template":"","meta":{"site-sidebar-layout":"default","site-content-layout":"","ast-site-content-layout":"default","site-content-style":"default","site-sidebar-style":"default","ast-global-header-display":"","ast-banner-title-visibility":"","ast-main-header-display":"","ast-hfb-above-header-display":"","ast-hfb-below-header-display":"","ast-hfb-mobile-header-display":"","site-post-title":"","ast-breadcrumbs-content":"","ast-featured-img":"","footer-sml-layout":"","ast-disable-related-posts":"","theme-transparent-header-meta":"","adv-header-id-meta":"","stick-header-meta":"","header-above-stick-meta":"","header-main-stick-meta":"","header-below-stick-meta":"","astra-migrate-meta-layouts":"default","ast-page-background-enabled":"default","ast-page-background-meta":{"desktop":{"background-color":"var(--ast-global-color-5)","background-image":"","background-repeat":"repeat","background-position":"center center","background-size":"auto","background-attachment":"scroll","background-type":"","background-media":"","overlay-type":"","overlay-color":"","overlay-opacity":"","overlay-gradient":""},"tablet":{"background-color":"","background-image":"","background-repeat":"repeat","background-position":"center center","background-size":"auto","background-attachment":"scroll","background-type":"","background-media":"","overlay-type":"","overlay-color":"","overlay-opacity":"","overlay-gradient":""},"mobile":{"background-color":"","background-image":"","background-repeat":"repeat","background-position":"center center","background-size":"auto","background-attachment":"scroll","background-type":"","background-media":"","overlay-type":"","overlay-color":"","overlay-opacity":"","overlay-gradient":""}},"ast-content-background-meta":{"desktop":{"background-color":"var(--ast-global-color-4)","background-image":"","background-repeat":"repeat","background-position":"center center","background-size":"auto","background-attachment":"scroll","background-type":"","background-media":"","overlay-type":"","overlay-color":"","overlay-opacity":"","overlay-gradient":""},"tablet":{"background-color":"var(--ast-global-color-4)","background-image":"","background-repeat":"repeat","background-position":"center center","background-size":"auto","background-attachment":"scroll","background-type":"","background-media":"","overlay-type":"","overlay-color":"","overlay-opacity":"","overlay-gradient":""},"mobile":{"background-color":"var(--ast-global-color-4)","background-image":"","background-repeat":"repeat","background-position":"center center","background-size":"auto","background-attachment":"scroll","background-type":"","background-media":"","overlay-type":"","overlay-color":"","overlay-opacity":"","overlay-gradient":""}},"footnotes":""},"class_list":["post-38","page","type-page","status-publish","hentry"],"_links":{"self":[{"href":"https:\/\/szephalom.plebania.hu\/index.php\/wp-json\/wp\/v2\/pages\/38","targetHints":{"allow":["GET"]}}],"collection":[{"href":"https:\/\/szephalom.plebania.hu\/index.php\/wp-json\/wp\/v2\/pages"}],"about":[{"href":"https:\/\/szephalom.plebania.hu\/index.php\/wp-json\/wp\/v2\/types\/page"}],"author":[{"embeddable":true,"href":"https:\/\/szephalom.plebania.hu\/index.php\/wp-json\/wp\/v2\/users\/1"}],"replies":[{"embeddable":true,"href":"https:\/\/szephalom.plebania.hu\/index.php\/wp-json\/wp\/v2\/comments?post=38"}],"version-history":[{"count":3,"href":"https:\/\/szephalom.plebania.hu\/index.php\/wp-json\/wp\/v2\/pages\/38\/revisions"}],"predecessor-version":[{"id":168,"href":"https:\/\/szephalom.plebania.hu\/index.php\/wp-json\/wp\/v2\/pages\/38\/revisions\/168"}],"wp:attachment":[{"href":"https:\/\/szephalom.plebania.hu\/index.php\/wp-json\/wp\/v2\/media?parent=38"}],"curies":[{"name":"wp","href":"https:\/\/api.w.org\/{rel}","templated":true}]}}

Hittanórák rendje, 2025-26.

<p>Óvodások: kedd 17-17:30 &#8211; Bertóti-Dohovics Réka Mária</p>



<p>1-2. osztályosok: kedd 17.30-18 óra &#8211; Bertóti-Dohovics Réka Mária</p>



<p>Elsőáldozásra készülők: kedd 16:30-17:30 &#8211; Iulian atya</p>



<p>Katekumenek: kedd 19 óra &#8211; Iulian atya (olyan 18 év felettiek számára, akik nem részesültek még a beavató szentségekben)</p>



<p>4-6. osztályosok (már voltak elsőáldozók): szerda 16:30-17:30 Iulian atya</p>



<p>7-8. osztályosok: szerda 17:30-18:30 &#8211; Iulian atya</p>



<p>Bérmálásra készülők (gimis, egyetemista): szerda 19 óra &#8211; Iulian atya</p>



<p>Ifjúsági (már bérmálkoztak): csütörtök 19 óra – Iulian atya</p>



<p>Felnőttek: péntek 19 óra – Iulian atya</p>



<hr class="wp-block-separator has-alpha-channel-opacity"/>



<p>A hittanórák 09.15-től kezdődnek, helyszín a széphalmi hittanterem.</p>



<p>Iskolai hitoktatás: a Klebelsberg K. iskolában Ewa nővér tart hittant.</p>



<p>Az óvodákban külön nem lesz hitoktatás.</p>



<p>Mi NEM számít hitoktatásnak: a regnumi és a cserkészfoglalkozások, az oratórium és a bibliaismeret órák.</p>

<p>Óvodások: kedd 17-17:30 &#8211; Bertóti-Dohovics Réka Mária 1-2. osztályosok: kedd 17.30-18 óra &#8211; Bertóti-Dohovics Réka Mária Elsőáldozásra készülők: kedd 16:30-17:30 [&hellip;]</p>
